{"id":1143,"date":"2019-06-27T15:24:16","date_gmt":"2019-06-27T13:24:16","guid":{"rendered":"http:\/\/www.nextonlus.it\/riconoscimenti-en\/"},"modified":"2019-06-27T15:25:08","modified_gmt":"2019-06-27T13:25:08","slug":"riconoscimenti-en","status":"publish","type":"page","link":"https:\/\/www.nextonlus.it\/en\/riconoscimenti-en\/","title":{"rendered":"Riconoscimenti en"},"content":{"rendered":"<div class=\"wpb-content-wrapper\"><p>[vc_row full_width=&#8221;stretch_row&#8221; css=&#8221;.vc_custom_1559745772465{margin-bottom: 0px !important;padding-top: 80px !important;padding-bottom: 80px !important;}&#8221;][vc_column]<h2 class=\"boc_heading  al_left  \"  style=\"margin-bottom: 20px;margin-top: 0px;color: #333;\"><span>Riconoscimenti <strong>Internazionali<\/strong><\/span><\/h2>[vc_row_inner equal_height=&#8221;yes&#8221; content_placement=&#8221;middle&#8221; gap=&#8221;10&#8243;][vc_column_inner width=&#8221;1\/3&#8243;][vc_single_image alignment=&#8221;center&#8221; image=&#8221;216&#8243;][\/vc_column_inner][vc_column_inner width=&#8221;2\/3&#8243;][vc_column_text]<strong>Nel novembre del 2010, a Parigi,<\/strong> nell\u2019ambito della Settimana della Solidariet\u00e0 Internazionale, la ONG <span style=\"color: red;\">NEXT<\/span> onlus ha ricevuto un importante riconoscimento in virt\u00f9 delle opere realizzate ad Antsiranana (Diego Suarez), nel Nord Madagascar<\/p>\n<p>In questa occasione \u00e8 stato trasmesso in anteprima il film-documentario \u201cFIHAVANANA\u201d del regista francese Vernet Damien, che descrive le opere sociali di \u201c5 uomini di eccezione\u201d: Amed\u00e9e (Coeur et Conscience), P\u00e8re P\u00e9dro (Akamasoa), Dr. Nour\u2019Aly (Global Medical Center), Rola Gamana (Hors Circuit) e <strong>Luigi Bellini (<span style=\"color: red;\">NEXT<\/span> onlus).<\/strong><\/p>\n<p>Questi uomini, religiosi o laici, con storie e percorsi differenti, sono accomunati da un grande sogno: offrire una vita pi\u00f9 dignitosa alla popolazione del Madagascar che ancora oggi, nella stragrande maggioranza, vive in uno stato di miseria pressoch\u00e9 sconosciuto nel mondo occidentale e assolutamente inaccettabile.[\/vc_column_text][\/vc_column_inner][\/vc_row_inner]<div class=\"boc_divider_holder\"><div class=\"boc_divider  \"  style=\"margin-top: 40px;margin-bottom: 40px;width: 100px;margin-left: auto; margin-right: auto;height: 1px;background: #eeeeee;\"><\/div><\/div>[vc_row_inner equal_height=&#8221;yes&#8221; content_placement=&#8221;middle&#8221; gap=&#8221;10&#8243;][vc_column_inner width=&#8221;2\/3&#8243;]<h2 class=\"boc_heading  al_left  \"  style=\"margin-bottom: 20px;margin-top: 0px;color: #333;\"><span>Altri Riconoscimenti tributati a Luigi Bellini:<\/span><\/h2>[vc_column_text]2006: <strong>Medaglia Chiesa Cattolica Malgascia.<\/strong><\/p>\n<p>2007: <strong>Nomina di \u201cChevalier de l\u2019Ordre National\u201d dello Stato Malgascio.<\/strong><\/p>\n<p>2007: <strong>Convegno<\/strong> <strong>d\u2019onore dell\u2019Istituto Italiano per gli Studi Filosofici \u2013 NAPOLI.<\/strong><\/p>\n<p>2008: \u201c<strong>Premio Internazionale per la Solidariet\u00e0 Padre Pio\u201d \u2013 ITALIA.<\/strong><\/p>\n<p>2015: <strong>Diplome de Grand Officier de l&#8217;Ordre National de l&#8217;Etat malgache<\/strong><\/p>\n<p>2016: <strong>Decorazione ufficiale dello Stato Malgascio a testimonianza del riconoscimento per la realizzazione del complesso medico sanitario universitario.<\/strong>[\/vc_column_text][\/vc_column_inner][vc_column_inner width=&#8221;1\/3&#8243;][vc_single_image alignment=&#8221;center&#8221; image=&#8221;216&#8243;][\/vc_column_inner][\/vc_row_inner][\/vc_column][\/vc_row][vc_row full_width=&#8221;stretch_row&#8221; enable_overlay=&#8221;off&#8221; css=&#8221;.vc_custom_1559917921111{margin-bottom: 0px !important;padding-top: 20px !important;padding-bottom: 20px !important;background-color: #3a3a3a !important;}&#8221;][vc_column el_class=&#8221;white_text&#8221;][vc_row_inner][vc_column_inner width=&#8221;1\/2&#8243;][vc_widget_sidebar sidebar_id=&#8221;iscriviti&#8221;][\/vc_column_inner][vc_column_inner width=&#8221;1\/2&#8243;][vc_widget_sidebar sidebar_id=&#8221;newsletter&#8221;][\/vc_column_inner][\/vc_row_inner][\/vc_column][\/vc_row]<\/p>\n<\/div>","protected":false},"excerpt":{"rendered":"<p>[vc_row full_width=&#8221;stretch_row&#8221; css=&#8221;.vc_custom_1559745772465{margin-bottom: 0px !important;padding-top: 80px !important;padding-bottom: 80px !important;}&#8221;][vc_column][vc_row_inner equal_height=&#8221;yes&#8221; content_placement=&#8221;middle&#8221; gap=&#8221;10&#8243;][vc_column_inner width=&#8221;1\/3&#8243;][vc_single_image alignment=&#8221;center&#8221; image=&#8221;216&#8243;][\/vc_column_inner][vc_column_inner width=&#8221;2\/3&#8243;][vc_column_text]Nel novembre del 2010, a Parigi, nell\u2019ambito della Settimana della Solidariet\u00e0 Internazionale, la ONG NEXT onlus ha ricevuto un importante riconoscimento in virt\u00f9 delle opere realizzate ad Antsiranana (Diego Suarez), nel Nord Madagascar In questa occasione \u00e8 stato trasmesso in anteprima il film-documentario \u201cFIHAVANANA\u201d del<\/p>\n<div class=\"h10\"><\/div>\n<p><a class=\"more-link2 flat\" href=\"https:\/\/www.nextonlus.it\/en\/riconoscimenti-en\/\">Read more<\/a><\/p>\n","protected":false},"author":9,"featured_media":0,"parent":0,"menu_order":0,"comment_status":"closed","ping_status":"closed","template":"","meta":{"footnotes":""},"class_list":["post-1143","page","type-page","status-publish","hentry"],"aioseo_notices":[],"_links":{"self":[{"href":"https:\/\/www.nextonlus.it\/en\/wp-json\/wp\/v2\/pages\/1143","targetHints":{"allow":["GET"]}}],"collection":[{"href":"https:\/\/www.nextonlus.it\/en\/wp-json\/wp\/v2\/pages"}],"about":[{"href":"https:\/\/www.nextonlus.it\/en\/wp-json\/wp\/v2\/types\/page"}],"author":[{"embeddable":true,"href":"https:\/\/www.nextonlus.it\/en\/wp-json\/wp\/v2\/users\/9"}],"replies":[{"embeddable":true,"href":"https:\/\/www.nextonlus.it\/en\/wp-json\/wp\/v2\/comments?post=1143"}],"version-history":[{"count":1,"href":"https:\/\/www.nextonlus.it\/en\/wp-json\/wp\/v2\/pages\/1143\/revisions"}],"predecessor-version":[{"id":1144,"href":"https:\/\/www.nextonlus.it\/en\/wp-json\/wp\/v2\/pages\/1143\/revisions\/1144"}],"wp:attachment":[{"href":"https:\/\/www.nextonlus.it\/en\/wp-json\/wp\/v2\/media?parent=1143"}],"curies":[{"name":"wp","href":"https:\/\/api.w.org\/{rel}","templated":true}]}}

<div class="wpb-content-wrapper"><p>[vc_row full_width=&#8221;stretch_row&#8221; css=&#8221;.vc_custom_1559745772465{margin-bottom: 0px !important;padding-top: 80px !important;padding-bottom: 80px !important;}&#8221;][vc_column]<h2 class="boc_heading  al_left  "  style="margin-bottom: 20px;margin-top: 0px;color: #333;"><span>Riconoscimenti <strong>Internazionali</strong></span></h2>[vc_row_inner equal_height=&#8221;yes&#8221; content_placement=&#8221;middle&#8221; gap=&#8221;10&#8243;][vc_column_inner width=&#8221;1/3&#8243;][vc_single_image alignment=&#8221;center&#8221; image=&#8221;216&#8243;][/vc_column_inner][vc_column_inner width=&#8221;2/3&#8243;][vc_column_text]<strong>Nel novembre del 2010, a Parigi,</strong> nell’ambito della Settimana della Solidarietà Internazionale, la ONG <span style="color: red;">NEXT</span> onlus ha ricevuto un importante riconoscimento in virtù delle opere realizzate ad Antsiranana (Diego Suarez), nel Nord Madagascar</p>
<p>In questa occasione è stato trasmesso in anteprima il film-documentario “FIHAVANANA” del regista francese Vernet Damien, che descrive le opere sociali di “5 uomini di eccezione”: Amedée (Coeur et Conscience), Père Pédro (Akamasoa), Dr. Nour’Aly (Global Medical Center), Rola Gamana (Hors Circuit) e <strong>Luigi Bellini (<span style="color: red;">NEXT</span> onlus).</strong></p>
<p>Questi uomini, religiosi o laici, con storie e percorsi differenti, sono accomunati da un grande sogno: offrire una vita più dignitosa alla popolazione del Madagascar che ancora oggi, nella stragrande maggioranza, vive in uno stato di miseria pressoché sconosciuto nel mondo occidentale e assolutamente inaccettabile.[/vc_column_text][/vc_column_inner][/vc_row_inner]<div class="boc_divider_holder"><div class="boc_divider  "  style="margin-top: 40px;margin-bottom: 40px;width: 100px;margin-left: auto; margin-right: auto;height: 1px;background: #eeeeee;"></div></div>[vc_row_inner equal_height=&#8221;yes&#8221; content_placement=&#8221;middle&#8221; gap=&#8221;10&#8243;][vc_column_inner width=&#8221;2/3&#8243;]<h2 class="boc_heading  al_left  "  style="margin-bottom: 20px;margin-top: 0px;color: #333;"><span>Altri Riconoscimenti tributati a Luigi Bellini:</span></h2>[vc_column_text]2006: <strong>Medaglia Chiesa Cattolica Malgascia.</strong></p>
<p>2007: <strong>Nomina di “Chevalier de l’Ordre National” dello Stato Malgascio.</strong></p>
<p>2007: <strong>Convegno</strong> <strong>d’onore dell’Istituto Italiano per gli Studi Filosofici – NAPOLI.</strong></p>
<p>2008: “<strong>Premio Internazionale per la Solidarietà Padre Pio” – ITALIA.</strong></p>
<p>2015: <strong>Diplome de Grand Officier de l&#8217;Ordre National de l&#8217;Etat malgache</strong></p>
<p>2016: <strong>Decorazione ufficiale dello Stato Malgascio a testimonianza del riconoscimento per la realizzazione del complesso medico sanitario universitario.</strong>[/vc_column_text][/vc_column_inner][vc_column_inner width=&#8221;1/3&#8243;][vc_single_image alignment=&#8221;center&#8221; image=&#8221;216&#8243;][/vc_column_inner][/vc_row_inner][/vc_column][/vc_row][vc_row full_width=&#8221;stretch_row&#8221; enable_overlay=&#8221;off&#8221; css=&#8221;.vc_custom_1559917921111{margin-bottom: 0px !important;padding-top: 20px !important;padding-bottom: 20px !important;background-color: #3a3a3a !important;}&#8221;][vc_column el_class=&#8221;white_text&#8221;][vc_row_inner][vc_column_inner width=&#8221;1/2&#8243;][vc_widget_sidebar sidebar_id=&#8221;iscriviti&#8221;][/vc_column_inner][vc_column_inner width=&#8221;1/2&#8243;][vc_widget_sidebar sidebar_id=&#8221;newsletter&#8221;][/vc_column_inner][/vc_row_inner][/vc_column][/vc_row]</p>
</div>

<p>[vc_row full_width=&#8221;stretch_row&#8221; css=&#8221;.vc_custom_1559745772465{margin-bottom: 0px !important;padding-top: 80px !important;padding-bottom: 80px !important;}&#8221;][vc_column][vc_row_inner equal_height=&#8221;yes&#8221; content_placement=&#8221;middle&#8221; gap=&#8221;10&#8243;][vc_column_inner width=&#8221;1/3&#8243;][vc_single_image alignment=&#8221;center&#8221; image=&#8221;216&#8243;][/vc_column_inner][vc_column_inner width=&#8221;2/3&#8243;][vc_column_text]Nel novembre del 2010, a Parigi, nell’ambito della Settimana della Solidarietà Internazionale, la ONG NEXT onlus ha ricevuto un importante riconoscimento in virtù delle opere realizzate ad Antsiranana (Diego Suarez), nel Nord Madagascar In questa occasione è stato trasmesso in anteprima il film-documentario “FIHAVANANA” del</p>
<div class="h10"></div>
<p><a class="more-link2 flat" href="https://www.nextonlus.it/en/riconoscimenti-en/">Read more</a></p>
